*k - 273 = 0. Let x be o/(-10) - (-18)/45. Suppose -72 = -n - x*s + 4*s, 4*n - s - 249 = 0. List the prime factors of n.
3, 7
Let m(o) = -o**3 + 2*o**2 - 5*o + 4. Let w be m(3). List the prime factors of (-176)/w + (-2)/(-10).
3
Let i = 6 - 14. What are the prime factors of 124 + -3*i/12?
2, 3, 7
Let y = -88 + 425. List the prime factors of y.
337
Suppose 12 = 5*w - 43. Let t(c) = c**3 - 12*c**2 + 16*c. What are the prime factors of t(w)?
5, 11
Let d(z) = z**3 - 51*z**2 - 6*z - 147. List the prime factors of d(52).
5, 449
Let z be (1/3)/(6/(-36)). Let f(k) = -3*k + 10. Let x be f(6). List the prime factors of z/(-4) - 132/x.
17
Let j(q) = 28*q + 7. Let b(n) = 27*n + 7. Let x(p) = 2*b(p) - 3*j(p). List the prime factors of x(-2).
53
Suppose 0 = d - 2*d + 5. Let j(w) = -7*w + 10. Let r be j(d). Let x = r - -32. What are the prime factors of x?
7
Let m(v) = 46*v**2 + 2*v + 3. Let k(y) = y**2 - 2. Let n(q) = 4*k(q) + m(q). List the prime factors of n(2).
199
Let t(u) = 3 + u**2 + 5 + 1 + 3*u. List the prime factors of t(6).
3, 7
Suppose 35136 = -0*i + 18*i. What are the prime factors of i?
2, 61
Let c(u) = -u**3 + 31*u**2 + 49*u - 145. What are the prime factors of c(31)?
2, 3, 229
Let v be (35/20)/((-4)/(-32)). Let b = v + -2. What are the prime factors of b*((-20)/(-8) - -1)?
2, 3, 7
Let k(r) be the second derivative of r**5/5 + r**4/12 - 5*r**3/6 + 7*r**2/2 + 21*r. What are the prime factors of k(3)?
109
Suppose 0 = -4*t + 16, 1 = a - 0*a + 2*t. Let g(z) = -4*z + 10. What are the prime factors of g(a)?
2, 19
Let t(f) = 3*f**3 + f. Let j be t(-4). Let d = -81 - j. What are the prime factors of d?
5, 23
Let r(p) = -2*p - 28. Let n be r(-10). Let w(m) = m**3 + 11*m**2 - 7*m + 4. What are the prime factors of w(n)?
2, 3, 7
Let t = -100 - -137. Let f = -11 + 35. Let z = t - f. What are the prime factors of z?
13
Let s = 997 + -146. What are the prime factors of s?
23, 37
Let p be (-169)/(-52) + 2/(-8). Suppose l = -q + p*l - 4, 4 = -2*q + 2*l. Suppose 4*k - 5*m - 28 - 83 = q, -2*k - 5*m = -33. List the prime factors of k.
2, 3
Let g(s) = 371*s + 141. List the prime factors of g(9).
2, 3, 5, 29
Suppose 5*g = a + 8, 3*g = 2*g - 2*a + 6. Let o be (-2)/4*(-16)/g. Suppose 41 = 3*j + o*w, -w - 16 = -5*j + 2*j. What are the prime factors of j?
7
Let z be (2/(-2))/((-2)/14). Let j(f) = f - 3. Let s be j(z). Suppose s = -i + 27. What are the prime factors of i?
23
Let c = 52 + -29. Suppose 11*f = c*f - 2160. What are the prime factors of f?
2, 3, 5
Suppose -293 = -7*u + 190. Let z(n) = 2*n - 9. Let y be z(6). Suppose 6*t = y*t + u. What are the prime factors of t?
23
Suppose -6*m = -3*m. Let r be 147/27 + 20/(-45). Suppose m = r*t - 129 - 76. List the prime factors of t.
41
Let m = 11049 + -7552. List the prime factors of m.
13, 269
Let x be 20/(-1 + 4/8). Let a = 27 - -41. Let k = x + a. List the prime factors of k.
2, 7
Let x(g) = g**3 - 9*g**2 - 14*g - 4. Let v be x(12). Let b = 145 - v. Let s = b - -167. What are the prime factors of s?
2, 13
Let a be (-6)/(-4)*(6 + -4). Suppose -3*z - 2*z - 103 = -3*j, 2*z - 110 = -a*j. Let g = j + -25. What are the prime factors of g?
11
Let x be ((-6)/21)/1 + (-718)/(-14). Let g = -19 + x. What are the prime factors of g?
2
Suppose -7*i = -13*i + 42. Suppose 4*h - 773 = i. What are the prime factors of h?
3, 5, 13
Let w = 2628 + -1896. List the prime factors of w.
2, 3, 61
Let t(n) = n**2 + 3*n. Let p be t(-4). Suppose m - y = 2*y + 24, p*m = y + 52. List the prime factors of m.
2, 3
Let f(j) = 9*j - 5. Let n be f(3). List the prime factors of 3538/n + (-10)/(-55).
7, 23
Suppose 2*y = 4*y - 18. Suppose 6*c - 3*c - y = 0. Suppose 3*t + c = 78. What are the prime factors of t?
5
Let m be (-1 - 0)/(4 + -3 - 0). What are the prime factors of m + -2*(-108 - -1)?
3, 71
Let q be 8/(-3)*-1*(-507)/(-52). Let z(l) = -2*l**2 + 62*l - 20. What are the prime factors of z(q)?
2, 3, 5
Suppose 449*a = 430*a + 21052. What are the prime factors of a?
2, 277
Let l be -43 - (1 - (1 + 3)). Let w = 0 - l. List the prime factors of w.
2, 5
Suppose 2*d = 6, 3*a + 4*d + 0*d - 18 = 0. Let n(h) = -h - 3 - 2*h - 1 + 5*h**3 + 6. What are the prime factors of n(a)?
2, 3
Suppose 5*m = 4*d - 0 - 5, -5 = 4*d + 5*m. Let s be 4/2 - d/(-5). Suppose -r = s, 0*h + 3*h - 4*r = 17. What are the prime factors of h?
3
Suppose 2*g - 1 = 9. Let j = g - 3. Suppose -j*n - 4*b + 90 = 3*n, 0 = 3*n + 2*b - 52. What are the prime factors of n?
2, 7
Suppose 6*q - 4*q = 344. Suppose q - 36 = 2*z. What are the prime factors of z?
2, 17
Let b = -487 - -857. Suppose -2*m - b = -2*a, m + 5 = 3. What are the prime factors of a?
3, 61
Suppose 0 = -4*j + 1014 + 154. Suppose -8*n + 140 = -j. What are the prime factors of n?
2, 3
Suppose -17*t = -17182 + 981. List the prime factors of t.
953
Let y(l) be the third derivative of -l**6/120 + l**5/60 + l**4/24 + 35*l**3/3 + 12*l**2. What are the prime factors of y(0)?
2, 5, 7
List the prime factors of (-548)/(-3 + 14/6).
2, 3, 137
Let g = -18 - -24. List the prime factors of -3*4/24 - (-219)/g.
2, 3
Suppose -p - 3*p = -1128. Suppose 2*g + 142 = 4*n, 4*n - 103 - p = 5*g. Let c = -49 - g. List the prime factors of c.
2
What are the prime factors of (-459 - -2)*(-2 - -1)?
457
Let l(x) = 240*x**3 - x - 2. Let f be l(-1). Let i = 379 + f. What are the prime factors of i?
2, 3, 23
Let r be (-26)/130 - (-22)/10. Let q be -2 - (-4 - (-2 + r)). Suppose 0*b - q*b + 98 = 0. What are the prime factors of b?
7
Suppose 0 = -23*y + 46*y - 11224. List the prime factors of y.
2, 61
Let k be ((-14)/3)/(6/(-9)). Suppose -k*l = -1387 + 43. List the prime factors of l.
2, 3
Let n be -1*(-97)/(-5) + 6/15. Let k = n - -57. List the prime factors of k.
2, 19
Let z(n) = 2*n**2 + 11*n - 8. Let w be z(8). Suppose w = -o + 5*o. List the prime factors of o.
2, 13
Let d(v) = -34*v - 61. List the prime factors of d(-30).
7, 137
What are the prime factors of ((-5)/(-2))/(3/6) + 51?
2, 7
Let r(s) = s**2 + 6*s - 10. Let l be r(-8). Let g(t) = 3*t**2 + 4*t - 12. List the prime factors of g(l).
2, 3, 5
Suppose 62*g = 63*g - 3. Let d(c) = -2*c**2 + 14*c - 2. Let k(m) = -3*m**2 + 21*m - 3. Let j(r) = 8*d(r) - 5*k(r). List the prime factors of j(g).
11
Let l be 14/70 + (-48)/(-10). Suppose l*i + 9 - 34 = 0. Suppose -g + 62 = g - 2*u, -i*u = -2*g + 47. List the prime factors of g.
2, 3
Let f = 2116 - 1342. What are the prime factors of f?
2, 3, 43
Let h = -49 - -53. Suppose -h*k + 2*k = -192. List the prime factors of k.
2, 3
Suppose 5*a = 118 - 3. Let h = -21 + a. Suppose 0 = -4*w - h*i + 137 - 3, 3*w - 4*i = 95. What are the prime factors of w?
3, 11
Let d = -81 + 150. Let s be d/24 - (-7)/56. Suppose -v - 4*l + 8 = 0, 4*v - s*v = 4*l + 40. List the prime factors of v.
2, 3
Let d = -50 - -57. Suppose -d*m - 432 = -10*m. List the prime factors of m.
2, 3
Suppose -15*i + 22*i - 2716 = 0. Let o = -201 + i. What are the prime factors of o?
11, 17
Let t(y) = -227*y + 45. List the prime factors of t(-6).
3, 7, 67
Suppose u = 2*p - 152, -u + 0 + 4 = 0. Suppose 2*g + p = 4*g. List the prime factors of g.
3, 13
Let b(l) = -l + 7. Let h be b(8). Let z be h/(4/((-36)/(-1))). List the prime factors of (-45)/10*132/z.
2, 3, 11
Let t = 4 + 12. Let f = t + -15. List the prime factors of 51 + -3 - (f - -1).
2, 23
Suppose 0 = -4*q + 2*v - 5*v + 35, -5*q + 2*v = -15. Suppose 0 = -0*g + g + q*l - 293, -l = 0. What are the prime factors of g?
293
Let h(v) = 27*v + 39. What are the prime factors of h(20)?
3, 193
Suppose 0 = 2*k - 396 - 392. List the prime factors of k.
2, 197
Suppose 121 + 199 = 2*o. Let k = o + -88. List the prime factors of k.
2, 3
Suppose -2*q = -10, -3*s + 2*q + 123 = -305. List the prime factors of s.
2, 73
Suppose 0 = -2*h - 0*h - a - 4, -4*h - 4*a = 16. Suppose 2*q - 3*q + 116 = h. What are the prime factors of q?
2, 29
Let a = 118 + -168. What are the prime factors of (-429)/(-2) - a/20?
7, 31
Suppose 0 = -4*m - m + 4*p + 159, -5*m - p = -154. Let f = -25 + m. List the prime factors of f.
2, 3
Let c be (5 - 2850/(-21)) + 2/7. Let r = c + -82. What are the prime factors of r?
59
Let d be (-1)/3 + 3/9. Suppose 0 = -d*l - 2*l + 88. List the prime factors of l.
2, 11
Suppose -2*g = 3*m - 7*m, -3*m = g. Let j be -2 + (1 - (2 + m)). What are the prime factors of (-4